 2*g + 4 + 0 - 5*g. Let s = 10 - 6. Give d(s).
-8
Let u(q) = 1 - 4*q - q**2 - 4*q + 3*q - 3*q. Calculate u(-8).
1
Let b(x) = -x**3 - 3*x**2 - 2*x + 2. Let u(o) = -o**3 + 6*o**2 + o - 7. Let z be u(6). Let i = -1 + z. Determine b(i).
2
Let i(w) = w. Let n = -2 + 3. Suppose -2*q - 2*q + 13 = -3*o, -3*q + 9 = -3*o. Let t be (0/n + o)*-3. Give i(t).
-3
Let g(i) be the first derivative of -i**4/4 + i**3/3 - i**2/2 - 12*i - 5. Calculate g(0).
-12
Let r(m) be the first derivative of m**2/2 + 4*m + 1. Suppose p + 2*g + 5 = -0*g, 2*g = -2*p - 2. What is r(p)?
7
Let y be 4/(3/(3/2)). Let b(c) be the first derivative of c**4/4 - c**3 + 3*c**2/2 - 3*c + 2. Determine b(y).
-1
Let a(p) be the third derivative of p**5/30 + p**4/24 - p**3/6 + p**2 - 3*p. Let t = -5 - -3. Calculate a(t).
5
Let z(g) be the third derivative of 0 - 1/4*g**4 + 1/6*g**3 - g**2 + 0*g. Calculate z(1).
-5
Suppose 0 = 5*i - 3*m - 36, 2*i + 3*i = -3*m + 24. Let r(f) = f**3 - 7*f**2 + 4*f + 4. Calculate r(i).
-8
Suppose -f + g = 3, f + 2*g = 7*g - 23. Let z(k) = 3*k**2 - 5 - 4*k**f + 2 - 4*k. Give z(-2).
1
Let n(v) = -7 + 1 - 9*v + 11*v. Suppose 3*c - 5 - 7 = 0. Give n(c).
2
Let s(q) = 12*q**3 - 2*q**2 - 5*q - 3. Let j be -3*3/(-9)*2. Let b = j + 0. Let p(w) = 6*w**3 - w**2 - 2*w - 1. Let k(t) = b*s(t) - 5*p(t). What is k(1)?
-6
Let l(r) = r - 3. Let t(f) = f**3 + 3*f**2 - 3*f + 5. Let o be t(-4). Let g(n) = -5*n**2 + n. Let s be g(o). Determine l(s).
-7
Suppose 6*t - 2*t = -2*b + 26, 2*t = 4*b + 8. Suppose i = 2*l + t - 1, -15 = 5*l - 3*i. Let f(u) = u**2 - u - 6. What is f(l)?
-6
Let m(o) = 3*o - 5. Let v(y) = y - 2. Let h(q) = -2*m(q) + 7*v(q). Give h(3).
-1
Let k(m) = m - 11. Let t(x) = -x + 12. Let l(h) = 7*k(h) + 6*t(h). Let f be 10/6 + (-1)/(-3). Let b be (f - 2) + 1 + -1. What is l(b)?
-5
Let t(q) be the first derivative of q**7/840 + q**6/60 + q**5/30 + q**4/8 + 2*q**3 + 7. Let c(y) be the third derivative of t(y). Determine c(-2).
11
Let p(w) = -26*w**3 + 2*w**2 - 2*w - 7. Let t(a) = 13*a**3 - a**2 + a + 4. Let y(x) = x**2 + x - 5. Let l be y(3). Let z(u) = l*t(u) + 4*p(u). Give z(1).
-13
Let l(u) = u**2 + 4*u. Suppose -3*r = -4*r - 3. Let g be l(r). Let q(o) = -2*o + 4. Calculate q(g).
10
Suppose 3*r = z + 14, r - 2*z = -3*z - 2. Let f(v) = v**2 - 1. What is f(r)?
8
Let q = 4 + -8. Let l = q - -8. Let u(b) = b**3 - 4*b**2 + 3*b - 6. Determine u(l).
6
Let c(v) = 2*v**2 + v - 4*v - 4*v + 4. Let i = -2 - -7. Suppose -5*x + 4 + 1 = -5*d, -d + 29 = i*x. Give c(d).
8
Let p(x) = x**3 - 3*x**2 + 2*x + 2. Let d be 1 + 2 + (-3 - -2). What is p(d)?
2
Let z(d) = -d**3 - 3*d**2 - d - 5. Let u be -8 - -2 - (1 + -3). What is z(u)?
15
Let p(v) be the first derivative of 9*v + 1/4*v**4 + 7/2*v**2 - 6 - 8/3*v**3. Calculate p(7).
9
Suppose 0 = 2*q - 0*q - 12. Let r(t) = -4*t - 2 - q - t**2 + 7. Calculate r(-5).
-6
Let k be 3*(14/6 + -3). Let q(x) = -x**2 - 2*x - 1. What is q(k)?
-1
Let g(o) = -o - 7. Let q be (4/5)/((-2)/25). Let k be g(q). Let x(t) = t**2 - 5*t. Give x(k).
-6
Let l(x) = -x**3 + 2*x + 1. Suppose 12*j + j - 26 = 0. Give l(j).
-3
Let j(x) = x + 10. Let l = -71 + 66. Give j(l).
5
Let x be (3 + -3 - 2) + 7. Let v(s) = -11*s - 10. Let q(k) = 7*k + 7. Let u(a) = x*v(a) + 8*q(a). Determine u(-3).
3
Let d(b) be the third derivative of -1/6*b**3 + 1/30*b**5 + 0 + 0*b + 1/60*b**6 + 0*b**4 + 5*b**2. Determine d(-1).
-1
Suppose 7*c = -w + 4*c - 3, -4*c + 7 = 5*w. Let g(h) = -1 + 3*h - 6 + 4 + 5. What is g(w)?
11
Let z(g) be the third derivative of -g**7/5040 + 11*g**6/720 - g**5/12 - 10*g**2. Let c(f) be the third derivative of z(f). Calculate c(7).
4
Let i(r) = 6*r + 3. Suppose 18 = -2*n - 2. Let h = n + 8. Calculate i(h).
-9
Let u(n) = n**3 - 3*n**2 - n + 2. Let f be u(3). Let w(m) be the second derivative of 7*m**3/6 - 3*m. Determine w(f).
-7
Suppose -46 = 5*j - 4*c, 0 = -3*j + c + c - 26. Let p = 1 + j. Let b(m) = -3*m + 5 - 6 + 2*m. Give b(p).
4
Let y = -1 - 0. Let r(l) = 9*l**2 - l - 1. Give r(y).
9
Let h(r) = 6 - 5 + 0*r + r. Determine h(-2).
-1
Let u(a) be the first derivative of -1/4*a**4 - 2*a**3 - 5/2*a**2 + 4 - 3*a. Calculate u(-5).
-3
Let h(z) = 18*z**2 - 7*z - 5. Let r(j) = -8*j**2 + 3*j + 2. Let x(b) = -3*h(b) - 7*r(b). Give x(1).
3
Let p(d) = -3*d**3 - 3*d + 4*d**2 + 4*d**3 + 98 - 3*d - 97. Let z(s) = s**2 - 6*s - 5. Let h be z(6). Calculate p(h).
6
Let r(x) = -x**2 - 8*x - 10. Let a be r(-6). Let y(l) = -l**2 - l - 1. What is y(a)?
-7
Let s(q) = -3*q + 2. Let g(h) = -8*h + 7. Let r(j) = -2*g(j) + 7*s(j). Let n(b) = -b**2 + 5*b - 6. Let w be n(4). Determine r(w).
10
Let m(w) be the first derivative of -w**4/4 - 8*w**3/3 - 4*w**2 - 3*w - 5. What is m(-7)?
4
Let y = 42 - 46. Let m(o) = 3 - o**2 + 5 - 5 - 2*o. Give m(y).
-5
Suppose -2*r + 15 = -5*r. Let p = r + 5. Suppose 0 = -4*h - p*h - 16. Let i(q) = -q - 5. What is i(h)?
-1
Let l(x) = 0*x - 2*x**2 + 1 + 0*x - 6*x**3 + x**2. Calculate l(-1).
6
Let w(y) = y - 11. Let h(q) = -6*q + 56. Let o be (-2 + 1)*-2*8. Let a(n) = o*w(n) + 3*h(n). Calculate a(-6).
4
Suppose 3*s + 5*v + 1 = -1, 4*v = -4*s. Let m be ((-2)/(-4))/((-2)/(-16)). Let a(c) = -m - 2*c + s - 1. What is a(-5)?
6
Let i(u) = -u. Suppose -3*n + 4 = -8. Determine i(n).
-4
Let x(n) be the third derivative of n**5/20 - n**4/12 + n**3/3 - 5*n**2. Calculate x(2).
10
Let y = 5 - 13. Let t(p) = 4*p**3 - 6*p**2 - 6*p + 5. Let h(l) = l**3 - 2*l**2 - 2*l + 2. Let j(i) = y*h(i) + 3*t(i). Determine j(-1).
-5
Let y(a) = -4*a + 5*a - 13 - 2*a. What is y(-6)?
-7
Let l(y) = -y**2 + y + 5*y**3 + 2*y**3 + 0*y**2. Let n = -7 + 10. Let b = 4 - n. Determine l(b).
7
Let x(n) = n + 1. Let v = 36 - 38. Calculate x(v).
-1
Let r(p) = 7*p**3 + p + 3. Let h = -1 + -5. Let q(f) = 15*f**3 - f**2 + f + 6. Let l(s) = h*q(s) + 13*r(s). What is l(-5)?
-7
Let q(y) = -3*y**2 + 3 + 4*y**2 + 4 - 7*y - 2. Calculate q(5).
-5
Let k(c) = -c. Let z(m) = -4*m + 4. Let s(w) = -w + 1. Let t(b) = -3*s(b) + z(b). Let x(u) = -6*k(u) + 5*t(u). Determine x(-4).
1
Let x(q) = -2*q**2 + 7*q + 4. Let j(f) = -f**2 + 7*f + 3. Let b(y) = -3*j(y) + 2*x(y). Suppose 16 = -6*g + 2*g + 2*p, 3*g - 4*p + 7 = 0. Determine b(g).
9
Let i(j) = -j + 2 - 5 + 7 - 3. Determine i(-4).
5
Let t(f) be the second derivative of -f**3/6 + f**2/2 - 40*f. What is t(-3)?
4
Let c(a) = a**3 + a**2 + 2*a + 2. Let q be 5/(-2)*(-4 + (-72)/(-15)). What is c(q)?
-6
Let r(k) be the second derivative of -2*k + 9/2*k**2 + 0 + 5/6*k**3. Let b(t) = -3*t - 4. Let j(u) = 5*b(u) + 2*r(u). Give j(-2).
8
Let m be 1/4 + (-68)/16. Let v(s) = -s**3 - 3*s**2 + 6*s + 4. Determine v(m).
-4
Let m(a) = -a**3 - 2*a - 2*a**2 - 1 + 3*a**3 - a**3. Let q be m(3). Let s(c) = -2*c**3 + 2*c**2 + c - 2. Calculate s(q).
-8
Let a(q) be the first derivative of -3*q**2/2 + 6*q + 96. Let c be 21/4 - 3/12. Calculate a(c).
-9
Let g(j) = j + 4. Let m(p) = -p - 5. Let z(q) = 3*g(q) + 4*m(q). Calculate z(-5).
-3
Let v(i) = 5*i**3 + 5*i**2 - i**3 - i**3 - 4 - 4*i**3 + i. Calculate v(5).
1
Let z = 10 - 15. Let m(n) = -n - 1. Determine m(z).
4
Let f(x) = x**2 - x - 3. Let h be ((-72)/(-63))/((-4)/(-14)). Calculate f(h).
9
Let n(p) = -p**2 + p + 7. Let q(k) = -2*k - 25. Let d be q(-15). What is n(d)?
-13
Let k(i) = 1. Let v(l) = -7 + 5 + 6*l - 2. Let g(j) = -3*k(j) - v(j). Calculate g(1).
-5
Let u(x) = 2*x. Let f be u(3). Let v(g) = -g**3 + 6*g**2 - g + 4. Calculate v(f).
-2
Let g be 3/(-9) + 34/(-6). Let k = g + 7. Let u(r) = r**2 - 2*r + 1. Calculate u(k).
0
Let c be ((-4)/(-2) - 1)*2. Let p(g) = -1 + 6*g - c*g + 0. Determine p(-1).
-5
Let y(n) = -n - 19. Let l be y(-14). Let u(h) = h**3 + 6*h**2 + 4*h - 2. Determine u(l).
3
Let l(a) be the first derivative of a**4/4 + a**3 - a**2 + 4*a - 2. Let o(r) = -r**3 + 4*r**2 + 3*r + 6. Let c be o(5). Calculate l(c).
-4
Let r = -32 + 51. Suppose a - r = -2*o - 2*a, -17 = -4*o + a. Let s(g) = -g + 3. What is s(o)?
-2
Let h(q) = q + 3. Let a(x) = -x**3 - 4*x**2 - x. Let m be a(-4). Let c = -11 + 12. Suppose -p + c = 2*d, 14 = 2*d + d + m*p. Determine h(d).
1
Let m = 1 - -2. Let r(q) be the third derivative of -q**2 + 1/24*q**4 + 0*q + 0 + 1/3*q**m. Calculate r(-1).
1
Let o(u) = u**3 + 7*u**2 + 7*u - 3. Let l(g) = g**3 + 7*g**2 + 8*g - 2. Let n(i) = 2*l(i) - 3*o(i). Give n(-6).
-1
Let u(r) = -r - 3. Let w(c) = 10*c**3 - 2*c**2 + 2*c - 1. Let b be w(1)